r(w) be the third derivative of a(w). Give r(-9).
9
Let o(v) = v**2 - 7*v - 2. Suppose -a + 25 = 2*f - 117, -a = 3*f - 212. Let c be (-2)/(-10)*122 - 28/f. Suppose 46*x = 42*x + c. What is o(x)?
-8
Let c(u) = 1 + 18*u + 6*u - 28*u + 3 + 11. Calculate c(11).
-29
Let m(q) = q + 5. Let i = 139 - 121. Suppose -5*h + 4*k = -33, -7 = -h + i*k - 17*k. What is m(h)?
10
Suppose -42*j + 51*j = -590*j - 5391. Let v(m) = 6*m**2 + 9*m - 7. Let r(n) = 5*n**2 + 9*n - 6. Let o(l) = 5*r(l) - 4*v(l). What is o(j)?
-2
Let q(c) = -c**3 - 6*c**2 + 17*c + 36. Let s be (-2)/24*12*7. What is q(s)?
-34
Let a(t) = -2*t - 8*t**2 - 4 + t**3 + 14 - 2*t**3. Let x = -6469 - -6462. What is a(x)?
-25
Let j(o) = -o - 48. Let x = -2277 + 2262. Give j(x).
-33
Let u(m) be the third derivative of 5*m**5/12 + m**4/3 + m**3/6 - 13013*m**2. Calculate u(-1).
18
Suppose -3*j - r + 12 = -505, 4*r = 5*j - 890. Let i(g) = -2*g**2 - 52*g + 120. Let c be i(-28). Let o(v) = -j + c*v**2 - v - 4*v + 170 - v**3. Give o(7).
10
Let c(n) = -2*n**3 + 2*n**2 - 2*n. Let j(g) = 9*g**3 - 2*g**2 + 3*g + 45. Let x(i) = -5*c(i) - j(i). Calculate x(8).
11
Let z(h) = -h + 6*h**2 + 3*h - 4*h + 4*h + 1. Let g be (-3 - -2) + 2 + 11 + -13. Determine z(g).
5
Let j be (1 + 39/(-27))*(-36)/8. Let c(g) = 34*g - 11. Let l(k) = 78*k - 25. Let a(h) = -9*c(h) + 4*l(h). What is a(j)?
11
Let w(t) be the third derivative of t**4/24 - 4*t**3 - 9*t**2. Let k be w(19). Let a(o) be the first derivative of -o**2/2 - 5*o + 102. Calculate a(k).
0
Let f be 2*(0 - 21/(-6)). Suppose 3*v + 5*m = 46, v = 22*m - 20*m - 3. Let k(o) = 62 - 30 + 0*o - 31 + o**2 - v*o. Calculate k(f).
1
Suppose 85*s = 220*s - 98*s - 555. Let n(x) = 9*x**2 - 136*x + 6. Calculate n(s).
-9
Let l be (178/623)/(4/14). Let g(r) = 7*r**3 + 3*r**2. Give g(l).
10
Let f(w) = -4 - 2 + 3 + 0 + w. Let k(u) = -u + 15. Let t be k(15). Suppose 0 = -3*z - t*z + 12. Calculate f(z).
1
Let a(m) = -36 - 5*m - 66 + 198 - 43 - m. Determine a(9).
-1
Let d(q) = -6*q - 10. Let x = -2121 + 2117. What is d(x)?
14
Let p(w) be the second derivative of w**4/12 + 8*w**3/3 + 4*w**2 + 423*w + 9. Let h be -4 - -1 - (2 - -7). What is p(h)?
-40
Suppose -2*f - 4*i + 22 = 0, -8*f - 4*i = 27 - 91. Let t(w) = -3*w - 26. What is t(f)?
-47
Let r(s) = s**3 - 6*s**2 - 6*s - 11. Let h be r(7). Let k be (2/h)/(22/(-352)). Let f(q) = -3*q - 2*q + k*q + 1. What is f(2)?
7
Let f(z) = 8*z**3 - 6*z**2 + 19*z + 17. Let c(r) = 3*r**3 - r**2 + 1. Let g(l) = 3*c(l) - f(l). Determine g(-6).
-8
Let u(q) be the first derivative of -q**3/3 - 3*q**2 + 64*q + 3663. Give u(-11).
9
Let b(s) = -s**2 + 2*s - 2. Let f(k) = 3 - k**2 + 6*k**2 + 10*k**2 - 10*k**2 - 17*k. Let z(l) = -4*b(l) - f(l). What is z(8)?
13
Let j(u) be the third derivative of 2*u**2 + 5/6*u**3 - 138*u - 1/60*u**5 + 0 + 1/4*u**4. What is j(4)?
13
Let w(v) = 1686 - v - 9*v**2 - v**3 - 1684 + 0*v**3. Give w(-9).
11
Suppose -4*o - 4*q + 8 = 0, -q - 8 = -3*o - 2*q. Let m be (-28)/(-7) + o + -1. Let b(a) = -3*a**2 - m*a + 2 + 5 - a + 4*a**2. Give b(5).
-3
Let i(j) = 7*j**3 - 5*j**3 - 59*j**2 + 86*j**2 - j**3 + 89 + 76*j. Determine i(-24).
-7
Suppose 871 = 22*w + 1113. Let b(u) = u**3 + 9*u**2 - 25*u - 13. Determine b(w).
20
Let c = 638 + -646. Let b(s) = 3*s - 9. Calculate b(c).
-33
Let y(i) = -27*i. Let q(c) = -238*c - 225. Let z(u) = q(u) - 6*y(u). Calculate z(-3).
3
Let l(v) be the second derivative of v**3/6 - v**2/2 - 222*v. Suppose -3*f + 2 = -2*f. Suppose 2*c = 2*r - 7 - 17, -3*c = f*r + 16. Determine l(c).
-9
Let j(d) = 2 - 94*d**2 + 5*d - 97*d**2 - 89*d**2 - 2*d**3 + 276*d**2. What is j(-3)?
5
Let j(p) = 2*p**3 + 2*p**2 - 143*p + 53. Let s be j(-9). Let g(r) = -2*r**2 + 90*r - 79. Calculate g(s).
9
Suppose -20 = -a - 3*a. Suppose -2*j + 2*q - 148 = -122, 4*q + 8 = -2*j. Let x be (3 + 32/j)*(0 - a). Let i(p) = 9*p + 1. Give i(x).
10
Suppose 106*w = 107*w - 62. Suppose 0 = 51*g - w*g - 33. Let j(p) = -3*p - 3. Calculate j(g).
6
Let v(f) = 5*f**2 - 10*f + 3. Let w(k) = k**2 + 33*k + 3. Let q be w(-33). Let n(s) = -9*s**2 + 18*s - 5. Let h(y) = q*n(y) + 5*v(y). Give h(3).
-6
Let f(u) = -2*u**2 + 2*u + 1. Let i(t) = t**3 - 21*t**2 - 10*t + 31. Let p be i(21). Let g = p - -178. Calculate f(g).
-3
Let q = -10 + 13. Let h(y) = -22*y**2 + 12*y**2 + y + 2*y**3 - 2*y**3 + 13*y**2 + 4 - y**3. Give h(q).
7
Let z(t) = -31. Let j(a) = 67. Let b(l) = 6*j(l) + 13*z(l). Let r(n) = -n + 1. Suppose -6*v = -v + 20. Let m(w) = v*b(w) + r(w). Calculate m(6).
-1
Let u(c) = c**2 + 8*c - 3. Let b(x) = x**2 + 7*x - 4. Suppose -4*s - y + 19 = 0, -5*s = 4*y - 30 - 2. Let a(w) = s*b(w) - 3*u(w). What is a(-4)?
-7
Let q(p) be the first derivative of 29*p**2/2 + 2*p + 2689. What is q(5)?
147
Let n(x) = 10*x + 49. Let j be n(-14). Let r = 205 + j. Let i(k) = 109 - 6*k - r + k. Determine i(5).
-30
Let g = 402 - 358. Suppose 4*p = -g + 60. Let z(d) = d**2 + 2*d + 1. Calculate z(p).
25
Let j(x) = -11*x**3 + 8*x**2 - 4*x + 10. Let b(i) = 9*i**3 - 6*i**2 + 4*i - 8. Let p(d) = -5*b(d) - 4*j(d). What is p(-4)?
48
Let k(y) = -51*y + 2. Let l be k(-1). Let o = 53 - l. Suppose o = -5*w - 15, 2*q + 2*w = 1 + 3. Let c(g) = -g**3 + 3*g**2 + 6*g + 6. Calculate c(q).
-14
Let i(g) be the second derivative of -g**3/2 + g**2/2 + g. Suppose 5*f - 4*u = -7*u + 162, 112 = 4*f - 2*u. Suppose 36 = 21*b - f*b. Give i(b).
13
Let f be (-96)/46 + 570/6555. Let k(v) = -26*v - 10. What is k(f)?
42
Suppose 31*k + 15*k = -92. Suppose -3*v = 2*v. Let n(m) = -3 + v + 3*m**3 + 2. Determine n(k).
-25
Let h(f) = -f + 10. Let a = 223 + -286. Let k be (-1 + 1 + -4)*a/(-28). Give h(k).
19
Let q(c) = c + 1. Let a(h) be the second derivative of -h**3/6 + h**2 + 2*h. Let k(m) = -a(m) + 3*q(m). Let u(j) = -59*j + 1122. Let f be u(19). Determine k(f).
5
Let x be (24/2)/((-25)/125*-10). Let q(o) = -o**3 + 8*o**2 - 17*o - 8. Calculate q(x).
-38
Let r(v) be the second derivative of 5*v**4/12 + v**2/2 - 5800*v - 1. Determine r(1).
6
Let y(s) = s**3 + 214*s**2 - 2 + 6*s + s + 12 - 209*s**2 + 0*s. Determine y(-4).
-2
Let c(b) = 4*b - 4. Suppose -15*s + 19*s - 4*r - 28 = 0, 0 = 4*s + r - 8. What is c(s)?
8
Suppose -3 = b + m + 24, -5*m - 103 = 4*b. Let n = 34 + b. Let r(h) be the first derivative of h**4/2 - h**3/3 + h**2/2 - 2*h + 2. Calculate r(n).
12
Suppose -14*j + 19*j = 10, -2*f = 3*j. Let m(n) = -50*n + 1. Let c(v) = 10*v. Let r(g) = 11*c(g) + 2*m(g). Calculate r(f).
-28
Let r(s) = -s**3 - 6*s**2 - 2*s - 8. Suppose 3*g = -5 + 14, -2*i = -3*g + 9. Suppose 22 = -w + 4*c, 4*w + 0*w - 5*c + 44 = i. Calculate r(w).
4
Let c = 4650 + -4645. Let l(b) be the second derivative of -1/2*b**2 + 0*b**4 + 0 - 1/6*b**3 - 10*b - 3/20*b**c. Give l(-1).
3
Let m(v) be the second derivative of 7*v**2 + 94 - v + 1/20*v**5 - 4/3*v**3 - 3/4*v**4. Calculate m(10).
34
Let z be 8/64*8 - -3. Suppose 0 = 16*i - 11*i - 3*v - 18, -z*i + 5*v = -4. Let g(h) = -h**3 + 7*h**2 - 7*h + 1. What is g(i)?
-5
Suppose -v + 3*m + 108 = -35, -3*v + 4*m = -414. Let r = -140 + v. Let f(o) = 4*o + 10. Let c(i) = 8*i + 19. Let x(p) = -3*c(p) + 5*f(p). What is x(r)?
17
Let k = 203 + -199. Let y(m) = -m**3 - 2*m**2 - 7*m + 5. Let q(b) = 2*b - 1. Let n(t) = k*q(t) + y(t). Give n(-3).
7
Let x(m) = -3*m**3 - 38*m**2 - 51*m - 45. Let i(a) = -2*a**3 - 25*a**2 - 33*a - 29. Let n(h) = -8*i(h) + 5*x(h). What is n(-9)?
7
Suppose -2400*g = -2191*g + 418. Let y(z) = z**2 + 18*z + 34. Determine y(g).
2
Suppose 39*s - 86 = -8. Let k(b) = -2*b**2 + 9*b + 16*b**s - 13*b**2 + 15. Determine k(-5).
-5
Let y(b) = -b**2 - 2*b + 13. Let m(o) = -7*o**2 + 96*o + 34. Let p be m(14). Give y(p).
-35
Let b(a) = -28*a - 24*a - 33*a - 6 + 83*a. Let u = 88 - 16. Suppose 9*j = j - u. What is b(j)?
12
Let s(q) = -2*q + 7. Let k(d) = 7*d**2 + 16*d - 17. Suppose -75*z = -71*z - 2*o + 4, -4*o + 21 = 5*z. Let f be k(z). Determine s(f).
-5
Let f(w) = 130*w + 132*w + 135*w + 195 - 534*w + 127*w. Give f(20).
-5
Let s(a) = a**2 - 7*a + 7. Let b be 8*13/312*(-2 - 1). Let t be (-48)/56*(6*-1 + b). Calculate s(t).
1
Let a be (1 - -3) + (-1 - -1). Let o(z) be the third derivative of z**6/120 - z**5/12 + 5*z**4/24 + z**3/6 + 2779*z**2 + 3*z + 1. Calculate o(a).
5
Let w(h) be the first derivative of h**3/3 - 3*h**2/2 + 3*h - 713. Give w(2).
1
Let d(u) = u + 4. Let n = -79 - -55. Let v(q) = 32*q - 196. Let m be v